{"id":744,"date":"2019-03-19T17:10:28","date_gmt":"2019-03-19T17:10:28","guid":{"rendered":"http:\/\/ingrid-maria-stockmann.de\/?page_id=744"},"modified":"2019-03-19T20:05:06","modified_gmt":"2019-03-19T20:05:06","slug":"datenschutzerklaerung","status":"publish","type":"page","link":"https:\/\/ingrid-maria-stockmann.de\/?page_id=744","title":{"rendered":"Datenschutzerkl\u00e4rung"},"content":{"rendered":"\n<p><strong>Geltungsbereich<\/strong><\/p>\n\n\n\n<p>Diese Datenschutzerkl\u00e4rung soll die Nutzer dieser Website gem\u00e4\u00df Bundesdatenschutzgesetz und Telemediengesetz \u00fcber die Art, den Umfang und den Zweck der Erhebung und Verwendung personenbezogener Daten durch den Websitebetreiber-<br>Ingrid-Maria Stockmann<br>Lindenweg 6<br>35794 Mengerskirchen, Waldernbach<br>Telefon: +49 6476 1250<br>E-Mail:   imstockmann@gmx.de <br>-informieren. <br>Der Websitebetreiber nimmt Ihren Datenschutz sehr ernst und behandelt Ihre personenbezogenen Daten vertraulich und entsprechend der gesetzlichen Vorschriften.<br>Bedenken Sie, dass die Daten\u00fcbertragung im Internet grunds\u00e4tzlich mit Sicherheitsl\u00fccken bedacht sein kann. Ein vollumf\u00e4nglicher Schutz vor dem Zugriff durch Fremde ist nicht realisierbar.<\/p>\n\n\n\n<p><strong>Zugriffsdaten&nbsp;<\/strong><br>\nDer Websitebetreiber bzw. Seitenprovider erhebt\nDaten \u00fcber Zugriffe auf die Seite und speichert diese als \u201eServer-Logfiles\u201c ab.\nFolgende Daten werden so protokolliert:<br>\n\u2022 Besuchte Website&nbsp;<br>\n\u2022 Uhrzeit zum Zeitpunkt des Zugriffes&nbsp;<br>\n\u2022 Menge der gesendeten Daten in Byte&nbsp;<br>\n\u2022 Quelle\/Verweis, von welchem Sie auf die Seite\ngelangten&nbsp;<br>\n\u2022 Verwendeter Browser&nbsp;<br>\n\u2022 Verwendetes Betriebssystem&nbsp;<br>\n\u2022 Verwendete IP-Adresse&nbsp;<br>\nDie erhobenen Daten dienen lediglich statistischen\nAuswertungen und zur Verbesserung der Website. Der Websitebetreiber beh\u00e4lt sich\nallerdings vor, die Server-Logfiles nachtr\u00e4glich zu \u00fcberpr\u00fcfen,<br>\nsollten konkrete Anhaltspunkte auf eine rechtswidrige Nutzung hinweisen.<\/p>\n\n\n\n<p><strong>Umgang mit personenbezogenen\nDaten&nbsp;<\/strong><br>\nDer Websitebetreiber erhebt, nutzt und gibt Ihre\npersonenbezogenen Daten nur dann weiter, wenn dies im gesetzlichen Rahmen\nerlaubt ist oder Sie in die Datenerhebung einwilligen.&nbsp;<br>\nAls personenbezogene Daten gelten s\u00e4mtliche\nInformationen, welche dazu dienen, Ihre Person zu bestimmen und welche zu Ihnen\nzur\u00fcckverfolgt werden k\u00f6nnen \u2013 also beispielsweise Ihr Name, Ihre\nE-Mail-Adresse und Telefonnummer.<\/p>\n\n\n\n<p><strong>Umgang mit Kontaktdaten&nbsp;<\/strong><br>\nNehmen Sie mit dem Websitebetreiber durch die\nangebotenen Kontaktm\u00f6glichkeiten Verbindung auf, werden Ihre Angaben gespeichert,\ndamit auf diese zur Bearbeitung und Beantwortung Ihrer Anfrage zur\u00fcckgegriffen\nwerden kann. Ohne Ihre Einwilligung werden diese Daten nicht an Dritte\nweitergegeben.<\/p>\n\n\n\n<p><strong>Umgang mit Kommentaren und\nBeitr\u00e4gen&nbsp;<\/strong><br>\nHinterlassen Sie auf dieser Website einen Beitrag\noder Kommentar, wird Ihre IP-Adresse gespeichert. Dies dient der Sicherheit des\nWebsitebetreibers: Verst\u00f6\u00dft Ihr Text gegen das Recht, m\u00f6chte er Ihre Identit\u00e4t\nnachverfolgen k\u00f6nnen.<\/p>\n","protected":false},"excerpt":{"rendered":"<p>Geltungsbereich Diese Datenschutzerkl\u00e4rung soll die Nutzer dieser Website gem\u00e4\u00df Bundesdatenschutzgesetz und Telemediengesetz \u00fcber die Art, den Umfang und den Zweck der Erhebung und Verwendung personenbezogener Daten durch den Websitebetreiber-Ingrid-Maria StockmannLindenweg 635794 Mengerskirchen, WaldernbachTelefon: +49 6476 1250E-Mail: imstockmann@gmx.de -informieren. Der Websitebetreiber nimmt Ihren Datenschutz sehr ernst und behandelt Ihre personenbezogenen Daten vertraulich und entsprechend der gesetzlichen&#8230; <\/p>\n<p><a class=\"moretag\" href=\"https:\/\/ingrid-maria-stockmann.de\/?page_id=744\">Read more<\/a><\/p>\n","protected":false},"author":1,"featured_media":0,"parent":0,"menu_order":7,"comment_status":"closed","ping_status":"closed","template":"","meta":{"footnotes":""},"class_list":["post-744","page","type-page","status-publish","hentry"],"_links":{"self":[{"href":"https:\/\/ingrid-maria-stockmann.de\/index.php?rest_route=\/wp\/v2\/pages\/744","targetHints":{"allow":["GET"]}}],"collection":[{"href":"https:\/\/ingrid-maria-stockmann.de\/index.php?rest_route=\/wp\/v2\/pages"}],"about":[{"href":"https:\/\/ingrid-maria-stockmann.de\/index.php?rest_route=\/wp\/v2\/types\/page"}],"author":[{"embeddable":true,"href":"https:\/\/ingrid-maria-stockmann.de\/index.php?rest_route=\/wp\/v2\/users\/1"}],"replies":[{"embeddable":true,"href":"https:\/\/ingrid-maria-stockmann.de\/index.php?rest_route=%2Fwp%2Fv2%2Fcomments&post=744"}],"version-history":[{"count":6,"href":"https:\/\/ingrid-maria-stockmann.de\/index.php?rest_route=\/wp\/v2\/pages\/744\/revisions"}],"predecessor-version":[{"id":756,"href":"https:\/\/ingrid-maria-stockmann.de\/index.php?rest_route=\/wp\/v2\/pages\/744\/revisions\/756"}],"wp:attachment":[{"href":"https:\/\/ingrid-maria-stockmann.de\/index.php?rest_route=%2Fwp%2Fv2%2Fmedia&parent=744"}],"curies":[{"name":"wp","href":"https:\/\/api.w.org\/{rel}","templated":true}]}}