{"id":2,"date":"2014-05-09T04:35:09","date_gmt":"2014-05-09T04:35:09","guid":{"rendered":"http:\/\/ingrid-maria-stockmann.de\/?page_id=2"},"modified":"2025-02-11T13:20:43","modified_gmt":"2025-02-11T13:20:43","slug":"sample-page","status":"publish","type":"page","link":"https:\/\/ingrid-maria-stockmann.de\/?page_id=2","title":{"rendered":"Ausstellungen"},"content":{"rendered":"\n<p><\/p>\n\n\n\n<p><strong>2025<\/strong><\/p>\n\n\n\n<p>Galerie Werretalhalle L\u00f6hne<\/p>\n\n\n\n<p>Cartils, NL<\/p>\n\n\n\n<p>Kunstroute Flanders Kortemark Belgien<\/p>\n\n\n\n<p>Art Eindhoven Niederlande<\/p>\n\n\n\n<p><strong>2024<\/strong><\/p>\n\n\n\n<p>Kunstverein Glinde HamburgDE 3. Platz K\u00fcnstlerpreis<\/p>\n\n\n\n<p>Kunstschouw Westerschouwen Haamstede NL<\/p>\n\n\n\n<p>Galerie FineArtCrash Landsberg<\/p>\n\n\n<p><strong>2023<\/strong><\/p>\n<p>ARTMUC M\u00fcnchen Galerie FineArtCrash<\/p>\n<p>3 R\u00e4ume 3 K\u00fcnstler Wasserburg am Bodensee<\/p>\n<p><strong>2022<\/strong><\/p>\n<p>Kunstverein Gilde Hamburg DE<\/p>\n<p>Gewinnerin des K\u00fcnstlerpreises<\/p>\n<p>Kunst\/Mitte Magdeburg<\/p>\n<p>ARTe Wiesbaden DE<\/p>\n<p><strong>2021<\/strong><\/p>\n<p>IMB Mainz DE<\/p>\n<p>DOK Delft NL<\/p>\n<p>ARTe Wiesbaden DE<\/p>\n<p>Lucca Biennale Cartasia Italien<\/p>\n<p><strong>2020<\/strong><\/p>\n<p>ARTe Wiesbaden<\/p>\n<p>Druckerei Middelburg NL<\/p>\n<p><strong>2019<\/strong><\/p>\n<p>Kunst Schimmer 7 Ulm\u00a0 DE<\/p>\n<p>Kunstwerkrondje Westvoorn NL<\/p>\n<p>Swissartexpo Z\u00fcrich CH<\/p>\n<p>Art Gallery Rome I<\/p>\n<p>Kunstmarkt L\u00f6ningen DE<\/p>\n<p>M\u00fcnchen MGV Museum<\/p>\n<p><strong>2018<\/strong><\/p>\n<p>Kunstmarkt L\u00f6ningen<\/p>\n<p>ART Br\u00fcggen<\/p>\n<p>Hanseart L\u00fcbeck<\/p>\n<p>Schloss H\u00f6henried &#8211; Starnberger See<\/p>\n<p>Kunstschouw Hof van Alexander Kerkwerve Westerschouwen Zeeland NL<\/p>\n<p>Dauerausstellung Art- en Wellnesshotel Huis ten Wolde de Pol NL<\/p>\n<p><strong>2017<\/strong><\/p>\n<p>M\u00fcnchen &#8211; MVG Museum<\/p>\n<p>Paper Flair Steyrerm\u00fchl-Laakirchen \u00d6sterreich<\/p>\n<p>9.Triennale internationale du papier Charmey Schweiz<\/p>\n<p>Frankfurt\u00a0 H\u00f6chster Kunstmarkt<\/p>\n<p>Middelburg NL Einzelausstellung Lange Jan<\/p>\n<p>Dauerausstellung Art- en Wellnesshotel Huis ten Wolde de Pol NL<\/p>\n<p><strong>2016<\/strong><\/p>\n<p>Expositie Beldschoon de Pol NL<\/p>\n<p>Dauerausstellung Art- en Wellnesshotel Huis ten Wolde NL<\/p>\n<p>Wetzlar<\/p>\n<p>Openatelier Veere NL<\/p>\n<p>Kunstwerkwestvoorne NL<\/p>\n<p>design+gestaltung Mainz<\/p>\n<p>Kunsthandwerkermarkt Beilstein<\/p>\n<p>Papier autark Wanderausstellung 1.5.16 &#8211; 28.4.17<\/p>\n<p>Papierm\u00fchle Homburg, Schloss Burgau D\u00fcren, Papiertechnische Stiftung M\u00fcnchen<\/p>\n<p>Blauwe Hope Kunstroute Middelburg NL<\/p>\n<p>Nature, Diversity &amp; the Art of Paper Brasilien<\/p>\n<p>Spiel der Lichter, Galerie Getreidekasten des Herrenhof Mu\u00dfbach<\/p>\n<p><b>\u00a0<\/b><\/p>\n<p><strong>2015<\/strong><\/p>\n<p>Expositie Beldschoon de Pol NL<\/p>\n<p>Kunstschouw Zeeland Burg Harmsteede NL<\/p>\n<p>H\u00f6chster Kunstmarkt Frankfurt<\/p>\n<p>K\u00fcnstlertage Rhein-Main \u00a0&#8211; Darmstadt<\/p>\n<p><strong>2014<\/strong> \u00a0 \u00a0 \u00a0 \u00a0H\u00f6chster Kunstmarkt<\/p>\n<p><strong>2013<\/strong> \u00a0 \u00a0 \u00a0 \u00a0 \u00a0Schattenbilder &#8211; Rech\/Ahr<\/p>\n<p>Kunstwerkrondje Westvoorne<\/p>\n<p>Historisches Rathaus Elz<\/p>\n<p><strong>2012<\/strong> \u00a0 \u00a0 \u00a0 \u00a0 \u00a0Kunstschouw -Zeeland \/ De Torenhoeve Nieuw Harmsteede\/ Niederlande<\/p>\n<p>&#8222;Auf den Spuren von van Gogh&#8220; Kinderkunstausstellung Museeumsscheune &#8211; Mengerskirchen<\/p>\n<p>Roosendaal \/Niederlande<\/p>\n<p><strong>2011<\/strong> \u00a0 \u00a0 \u00a0 \u00a0 \u00a0 Art at sea &#8211; Zeeland \/ Den Osse &#8211; Niederlande<\/p>\n<p>Kinderkunstausstellung \/ Weilburg<\/p>\n<p>2010 \u00a0 \u00a0 \u00a0 \u00a0 \u00a0Galerie Groendal &#8211; Zierikzee &#8211; Niederlande<\/p>\n<p>Art at sea &#8211; Zeeland \/ Den Osse &#8211; Niederlande<\/p>\n<p>2009 \u00a0 \u00a0 \u00a0 \u00a0 \u00a0Kunstschouw &#8211; Zeeland \/ Renesse &#8211; Niederlande<\/p>\n<p>2008 \u00a0 \u00a0 \u00a0 \u00a0 \u00a0Amtshof &#8211; Bad Camberg<\/p>\n<p>2007 \u00a0 \u00a0 \u00a0 \u00a0 \u00a0Gruppe Fachwerk &#8211; Projekthaus M\u00fcnster<\/p>\n<p>&#8222;Linie &#8211; Fl\u00e4che&#8220; Aarbergen Michelbach<\/p>\n<p>2006 \u00a0 \u00a0 \u00a0 \u00a0&#8222;K\u00f6rperfarben&#8220; Aarbergen Michelbach<\/p>\n<p>Gruppe Fachwerk &#8211; Projekthaus M\u00fcnster<\/p>\n<p>Kunstschouw &#8211; Zeeland \/ De Torenhoeve Nieuw Harmsteede \/Niederlande<\/p>\n<p>2005 \u00a0 \u00a0 \u00a0 &#8222;Harmonie&#8220; Aarbergen Michelbach<\/p>\n<p>Gruppe Fachwerk &#8211; Projekthaus M\u00fcnster &#8222;Xperiment&#8220; Burg Hohlenfels<\/p>\n<p>2004 \u00a0 \u00a0 \u00a0 &#8222;Spiegelungen&#8220; &#8211; Kirche Niederselters<\/p>\n<p>Gruppe Fachwerk &#8211; Projekthaus M\u00fcnster<\/p>\n<p>&#8222;Extreme&#8220; Aarbergen Michelbach<\/p>\n<p>2003 \u00a0 \u00a0 \u00a0 &#8222;Blau&#8220; Aarbergen Michelbach<\/p>\n<p>Gruppe Fachwerk &#8211; Taunatours Feldberg<\/p>\n<p>2002 \u00a0 \u00a0 \u00a0 Ruhe und Bewegung &#8211; Aarbergen Michelbach<\/p>\n<p>2001 \u00a0 \u00a0 \u00a0 Gruppenausstellung &#8211; WFK Wiesbaden<\/p>","protected":false},"excerpt":{"rendered":"<p>2025 Galerie Werretalhalle L\u00f6hne Cartils, NL Kunstroute Flanders Kortemark Belgien Art Eindhoven Niederlande 2024 Kunstverein Glinde HamburgDE 3. Platz K\u00fcnstlerpreis Kunstschouw Westerschouwen Haamstede NL Galerie FineArtCrash Landsberg 2023 ARTMUC M\u00fcnchen Galerie FineArtCrash 3 R\u00e4ume 3 K\u00fcnstler Wasserburg am Bodensee 2022 Kunstverein Gilde Hamburg DE Gewinnerin des K\u00fcnstlerpreises Kunst\/Mitte Magdeburg ARTe Wiesbaden DE 2021 IMB Mainz&#8230; <\/p>\n<p><a class=\"moretag\" href=\"https:\/\/ingrid-maria-stockmann.de\/?page_id=2\">Read more<\/a><\/p>\n","protected":false},"author":1,"featured_media":601,"parent":0,"menu_order":4,"comment_status":"closed","ping_status":"closed","template":"","meta":{"footnotes":""},"class_list":["post-2","page","type-page","status-publish","has-post-thumbnail","hentry"],"_links":{"self":[{"href":"https:\/\/ingrid-maria-stockmann.de\/index.php?rest_route=\/wp\/v2\/pages\/2","targetHints":{"allow":["GET"]}}],"collection":[{"href":"https:\/\/ingrid-maria-stockmann.de\/index.php?rest_route=\/wp\/v2\/pages"}],"about":[{"href":"https:\/\/ingrid-maria-stockmann.de\/index.php?rest_route=\/wp\/v2\/types\/page"}],"author":[{"embeddable":true,"href":"https:\/\/ingrid-maria-stockmann.de\/index.php?rest_route=\/wp\/v2\/users\/1"}],"replies":[{"embeddable":true,"href":"https:\/\/ingrid-maria-stockmann.de\/index.php?rest_route=%2Fwp%2Fv2%2Fcomments&post=2"}],"version-history":[{"count":59,"href":"https:\/\/ingrid-maria-stockmann.de\/index.php?rest_route=\/wp\/v2\/pages\/2\/revisions"}],"predecessor-version":[{"id":1315,"href":"https:\/\/ingrid-maria-stockmann.de\/index.php?rest_route=\/wp\/v2\/pages\/2\/revisions\/1315"}],"wp:featuredmedia":[{"embeddable":true,"href":"https:\/\/ingrid-maria-stockmann.de\/index.php?rest_route=\/wp\/v2\/media\/601"}],"wp:attachment":[{"href":"https:\/\/ingrid-maria-stockmann.de\/index.php?rest_route=%2Fwp%2Fv2%2Fmedia&parent=2"}],"curies":[{"name":"wp","href":"https:\/\/api.w.org\/{rel}","templated":true}]}}